number?
False
Is 18947 composite?
False
Is 1811 prime?
True
Is 8203 prime?
False
Is 21179 prime?
True
Is 117681 composite?
True
Is 12839 composite?
True
Is 237313 a composite number?
False
Is 515429 composite?
False
Is 9371 a prime number?
True
Is 106309 prime?
False
Is 8101 prime?
True
Is 158843 a composite number?
False
Is 23393 composite?
True
Is 93479 a prime number?
True
Is 21929 prime?
True
Is 941201 a composite number?
False
Is 3943 composite?
False
Is 4871 prime?
True
Is 137567 composite?
False
Is 25819 a composite number?
False
Is 39079 a prime number?
True
Is 211 composite?
False
Is 167873 composite?
False
Is 12359 a composite number?
True
Is 20279 a prime number?
False
Is 19589 a composite number?
True
Is 8411 composite?
True
Is 10811 composite?
True
Is 569809 a prime number?
True
Is 289123 prime?
False
Is 298993 a composite number?
False
Is 30631 a prime number?
True
Is 5541 a prime number?
False
Is 102369 prime?
False
Is 34269 a prime number?
False
Is 185329 prime?
False
Is 42841 a composite number?
False
Is 138547 a prime number?
True
Is 69821 prime?
True
Is 20279 prime?
False
Is 277345 a composite number?
True
Is 2074357 prime?
False
Is 259907 a prime number?
True
Is 1078787 prime?
True
Is 6733 composite?
False
Is 17729 a prime number?
True
Is 25793 a prime number?
True
Is 1526611 a composite number?
False
Is 36787 a composite number?
False
Is 41719 composite?
False
Is 913 a prime number?
False
Is 3299 a prime number?
True
Is 44377 a composite number?
True
Is 84377 composite?
False
Is 409691 a prime number?
True
Is 11113 composite?
False
Is 28337 prime?
False
Is 14309 a prime number?
False
Is 28001 a composite number?
False
Is 32366 a composite number?
True
Is 6499 composite?
True
Is 15299 prime?
True
Is 27509 prime?
True
Is 138857 a prime number?
False
Is 1897087 prime?
True
Is 14347 prime?
True
Is 3989 composite?
False
Is 2411 a composite number?
False
Is 50989 a composite number?
False
Is 1506721 composite?
False
Is 1234451 composite?
True
Is 2681 prime?
False
Is 501211 a composite number?
True
Is 3349 a prime number?
False
Is 1481 a composite number?
False
Is 55291 a prime number?
True
Is 359 a composite number?
False
Is 7054 composite?
True
Is 101733 a composite number?
True
Is 122921 a prime number?
True
Is 28321 a composite number?
True
Is 28343 prime?
False
Is 8549 a composite number?
True
Is 9489 composite?
True
Is 3391433 a prime number?
True
Is 1559 a composite number?
False
Is 971917 prime?
True
Is 744649 composite?
False
Is 31399 a composite number?
True
Is 500515 a composite number?
True
Is 11591 a prime number?
False
Is 8497 a composite number?
True
Is 216911 a composite number?
False
Is 12889 a composite number?
False
Is 57217 prime?
False
Is 281773 prime?
False
Is 78559 a prime number?
False
Is 26599 prime?
False
Is 2203 a prime number?
True
Is 60077 composite?
False
Is 160481 a prime number?
True
Is 138041 a prime number?
True
Is 37165 a prime number?
False
Is 17933 a prime number?
False
Is 50513 a prime number?
True
Is 194341 composite?
True
Is 24839 a composite number?
True
Is 50633 prime?
False
Is 10645 a prime number?
False
Is 2664487 composite?
True
Is 1221019 prime?
True
Is 102903 a prime number?
False
Is 37483 prime?
True
Is 721921 composite?
False
Is 1003271 a composite number?
True
Is 41653 a prime number?
False
Is 35221 composite?
False
Is 20849 prime?
True
Is 49783 prime?
True
Is 538751 a prime number?
True
Is 26339 composite?
False
Is 12929 a composite number?
True
Is 165911 composite?
True
Is 5539 prime?
False
Is 7261 prime?
False
Is 317321 prime?
True
Is 15817 composite?
False
Is 116861 prime?
False
Is 27343 a prime number?
False
Is 2579 a composite number?
False
Is 32273 composite?
True
Is 454269 prime?
False
Is 19901 prime?
False
Is 158957 a composite number?
True
Is 954571 prime?
True
Is 345379 a composite number?
False
Is 22267 composite?
True
Is 2999 prime?
True
Is 93037 a prime number?
False
Is 626101 a composite number?
True
Is 7934 a prime number?
False
Is 377869 a prime number?
False
Is 38659 prime?
False
Is 3269101 a prime number?
False
Is 32081 a composite number?
True
Is 29081 prime?
False
Is 5381 a prime number?
True
Is 32377 a composite number?
False
Is 89905 a composite number?
True
Is 263091 a prime number?
False
Is 4661 a prime number?
False
Is 2611 prime?
False
Is 312001 a composite number?
True
Is 17317 composite?
False
Is 13682 prime?
False
Is 7349 a composite number?
False
Is 1577 prime?
False
Is 8663 a composite number?
False
Is 282401 prime?
False
Is 435541 a composite number?
False
Is 161471 prime?
True
Is 185 a composite number?
True
Is 3019 a prime number?
True
Is 19777 a prime number?
True
Is 18827 prime?
False
Is 146707 a composite number?
True
Is 995327 prime?
True
Is 1055 a prime number?
False
Is 34939 a prime number?
True
Is 146191 a composite number?
False
Is 19289 a composite number?
False
Is 2317 a prime number?
False
Is 112687 a composite number?
False
Is 3593 prime?
True
Is 14437 prime?
True
Is 224243 a composite number?
True
Is 4598785 prime?
False
Is 34577 composite?
True
Is 2197841 prime?
False
Is 32899 composite?
True
Is 47251 a prime number?
True
Is 1329 composite?
True
Is 108755 a prime number?
False
Is 100829 a composite number?
False
Is 32735 a prime number?
False
Is 51583 composite?
True
Is 19259 a prime number?
True
Is 433931 prime?
True
Is 57367 a composite number?
False
Is 1217 a composite number?
False
Is 508967 prime?
False
Is 30867 a composite number?
True
Is 508159 composite?
False
Is 216491 composite?
True
Is 5969 a prime number?
False
Is 134983 a composite number?
True
Is 8621 a prime number?
False
Is 9391 prime?
True
Is 942929 prime?
False
Is 12667 composite?
True
Is 302111 a prime number?
True
Is 78341 a composite number?
False
Is 5539 prime?
False
Is 4937 prime?
True
Is 209431 a prime number?
True
Is 5891 a composite number?
True
Is 24658 prime?
False
Is 4176929 composite?
False
Is 271289 a composite number?
False
Is 962371 prime?
False
Is 297341 composite?
True
Is 9383 a composite number?
True
Is 247141 prime?
True
Is 16607 a prime number?
True
Is 55967 composite?
False
Is 80309 a composite number?
False
Is 29681 a prime number?
False
Is 399019 composite?
True
Is 900509 composite?
True
Is 89849 prime?
True
Is 6127931 a composite number?
False
Is 153611 a prime number?
True
Is 375353 prime?
False
Is 133499 a prime number?
True
Is 1087271 a prime number?
True
Is 14318 prime?
False
Is 136207 prime?
True
Is 14587 a composite number?
True
Is 12601 composite?
False
Is 826835 composite?
True
Is 257189 a prime number?
True
Is 52339 a prime number?
False
Is 14169 composite?
True
Is 28151 composite?
False
Is 6155 prime?
False
Is 2629 prime?
False
Is 409259 a prime number?
True
Is 51673 composite?
False
Is 63047 prime?
False
Is 2665407 composite?
True
Is 217619 a prime number?
True
Is 384143 a composite number?
False
Is 4385 composite?
True
Is 21085 composite?
True
Is 2343139 a prime number?
True
Is 22213 a composite number?
True
Is 206879 prime?
True
Is 1938217 prime?
True
Is 23195 a prime number?
False
Is 1821 prime?
False
Is 170615 a composite number?
True
Is 24997 a composite number?
True
Is 131101 prime?
True
Is 87313 prime?
True
Is 67 composite?
False
Is 139067 a prime number?
True
Is 5671 composite?
True
Is 19841 a composite number?
False
Is 588029 a prime number?
False
Is 1657 composite?
False
Is 14971 composite?
True
Is 120277 a composite number?
False
Is 413377 a composite number?
True
Is 91055 prime?
False
Is 22303 a composite number?
False
Is 602279 prime?
True
Is 812883 composite?
True
Is 9199 a prime number?
True
Is 815717 a prime number?
False
Is 573617 composite?
True
Is 285661 composite?
False
Is 7355 composite?
True
Is 742559 a prime number?
True
Is 11521 a composite number?
True
Is 11337 prime?
False
Is 1623 prime?
False
Is 43151 a prime number?
True
Is 11359 a prime number?
False
Is 21647 a prime number?
True
Is 191111 a prime number?
False
Is 268573 a composite number?
False
Is 57413 a prime number?
True
Is 1147181 composite?
True
Is 616003 composite?
False
Is 30741 a composite number?
True
Is 41126 a prime number?
False
Is 2897 a composite number?
False
Is 19661 prime?
True
Is 895633 a prime number?
True
Is 181273 composite?